 to base 8
13
Convert -3 (base 11) to base 8.
-3
Convert 35 (base 10) to base 6.
55
Convert -3 (base 4) to base 2.
-11
Convert -3b (base 13) to base 10.
-50
What is -141 (base 6) in base 11?
-56
Convert -122 (base 7) to base 14.
-49
Convert -105 (base 8) to base 12.
-59
Convert -22 (base 9) to base 3.
-202
-40 (base 9) to base 6
-100
What is -2310 (base 4) in base 10?
-180
What is 2 (base 5) in base 9?
2
Convert 1000 (base 2) to base 16.
8
1 (base 3) to base 6
1
What is -4 (base 10) in base 15?
-4
56 (base 7) to base 3
1112
Convert 4 (base 5) to base 10.
4
Convert 11 (base 2) to base 9.
3
Convert -2 (base 7) to base 8.
-2
15 (base 7) to base 16
c
Convert -3 (base 11) to base 4.
-3
Convert -37 (base 13) to base 4.
-232
1 (base 13) to base 8
1
What is 5 (base 7) in base 16?
5
What is 4 (base 7) in base 4?
10
What is 1 (base 2) in base 13?
1
Convert -c (base 16) to base 4.
-30
Convert 0 (base 14) to base 13.
0
Convert -9 (base 12) to base 3.
-100
Convert -17 (base 15) to base 6.
-34
96 (base 10) to base 11
88
-b (base 15) to base 10
-11
Convert 138 (base 9) to base 12.
98
What is 52 (base 6) in base 10?
32
What is -a (base 12) in base 13?
-a
-3 (base 11) to base 2
-11
What is 71 (base 14) in base 4?
1203
What is -456 (base 7) in base 3?
-22210
44 (base 8) to base 5
121
1 (base 2) to base 8
1
5 (base 15) to base 6
5
13 (base 5) to base 3
22
What is 32 (base 13) in base 16?
29
What is 98 (base 12) in base 16?
74
Convert 5 (base 13) to base 3.
12
-33 (base 15) to base 10
-48
55 (base 8) to base 4
231
1111 (base 3) to base 5
130
4 (base 5) to base 6
4
Convert -5 (base 14) to base 8.
-5
What is 4 (base 15) in base 8?
4
Convert 6 (base 10) to base 14.
6
-1 (base 14) to base 13
-1
What is -5 (base 7) in base 2?
-101
2 (base 10) to base 2
10
Convert 11002 (base 4) to base 13.
1ba
-11 (base 5) to base 3
-20
1 (base 11) to base 13
1
Convert 1 (base 12) to base 7.
1
What is 12 (base 8) in base 6?
14
What is 83 (base 10) in base 7?
146
Convert -68 (base 10) to base 15.
-48
What is 10 (base 3) in base 15?
3
Convert -5 (base 10) to base 14.
-5
What is -1 (base 16) in base 14?
-1
28 (base 10) to base 11
26
Convert 11 (base 9) to base 4.
22
27 (base 10) to base 15
1c
What is 24 (base 10) in base 15?
19
What is 1003 (base 4) in base 16?
43
Convert -1 (base 7) to base 3.
-1
-1 (base 3) to base 11
-1
Convert -1 (base 6) to base 13.
-1
Convert -11 (base 6) to base 5.
-12
-124 (base 6) to base 13
-40
1000 (base 3) to base 5
102
3 (base 4) to base 2
11
What is -3 (base 12) in base 6?
-3
Convert 4 (base 14) to base 10.
4
1012 (base 3) to base 15
22
Convert 0 (base 13) to base 6.
0
3 (base 10) to base 9
3
Convert 22 (base 6) to base 4.
32
Convert -20 (base 4) to base 5.
-13
1101 (base 4) to base 7
144
-5 (base 16) to base 7
-5
What is 3 (base 11) in base 4?
3
Convert 18 (base 15) to base 13.
1a
101 (base 2) to base 10
5
What is -22 (base 8) in base 9?
-20
Convert 8 (base 16) to base 15.
8
19 (base 13) to base 9
24
-c (base 13) to base 6
-20
-1 (base 13) to base 5
-1
Convert -12 (base 7) to base 3.
-100
What is 6 (base 15) in base 4?
12
24 (base 14) to base 11
2a
-5b (base 16) to base 6
-231
Convert 11 (base 10) to base 2.
1011
Convert 1 (base 5) to base 8.
1
Convert -1011 (base 2) to base 9.
-12
What is 22 (base 14) in base 9?
33
-5 (base 16) to base 4
-11
-13 (base 8) to base 7
-14
0 (base 3) to base 14
0
Convert 16 (base 12) to base 8.
22
1110010 (base 2) to base 13
8a
110011 (base 2) to base 14
39
What is -38 (base 13) in base 8?
-57
-1423 (base 5) to base 16
-ee
39 (base 14) to base 10
51
Convert 6c (base 14) to base 5.
341
4 (base 12) to base 8
4
What is 1 (base 6) in base 16?
1
Convert -1 (base 14) to base 2.
-1
Convert -16 (base 8) to base 10.
-14
What is -3 (base 16) in base 6?
-3
Convert 12 (base 6) to base 12.
8
Convert 14 (base 5) to base 14.
9
What is 13 (base 4) in base 12?
7
What is 19 (base 12) in base 5?
41
Convert -9 (base 14) to base 2.
-1001
3 (base 7) to base 2
11
Convert -33 (base 5) to base 4.
-102
Convert -230 (base 6) to base 11.
-82
-21 (base 8) to base 14
-13
Convert -5 (base 11) to base 16.
-5
Convert -97 (base 11) to base 13.
-82
What is 174 (base 12) in base 14?
128
155 (base 9) to base 7
245
12 (base 8) to base 10
10
What is 2 (base 9) in base 11?
2
Convert 0 (base 3) to base 10.
0
-230 (base 8) to base 16
-98
Convert -4 (base 10) to base 12.
-4
-aa (base 13) to base 2
-10001100
Convert -11 (base 2) to base 9.
-3
What is 10303 (base 4) in base 13?
1a8
What is -2 (base 11) in base 4?
-2
Convert -35 (base 9) to base 7.
-44
-1 (base 6) to base 4
-1
Convert 2 (base 15) to base 2.
10
111 (base 2) to base 7
10
Convert -1101 (base 2) to base 14.
-d
16 (base 14) to base 4
110
What is 2 (base 16) in base 7?
2
What is -124 (base 13) in base 16?
-c7
43 (base 10) to base 5
133
What is -133 (base 14) in base 3?
-22221
What is -2 (base 15) in base 6?
-2
What is -5 (base 12) in base 2?
-101
Convert -129 (base 14) to base 7.
-452
What is -a (base 15) in base 10?
-10
What is 9 (base 16) in base 5?
14
What is -12102 (base 3) in base 4?
-2102
What is 144 (base 7) in base 10?
81
What is a (base 16) in base 9?
11
0 (base 13) to base 7
0
10001 (base 2) to base 13
14
Convert -4 (base 5) to base 15.
-4
What is -105 (base 6) in base 13?
-32
What is 1 (base 2) in base 11?
1
What is 2 (base 7) in base 13?
2
What is 3 (base 10) in base 5?
3
Convert -1010 (base 3) to base 10.
-30
-210 (base 11) to base 10
-253
Convert 43 (base 9) to base 2.
100111
Convert 53 (base 9) to base 6.
120
What is -3033 (base 5) in base 11?
-328
-b (base 12) to base 10
-11
Convert -1101 (base 2) to base 5.
-23
-21 (base 11) to base 15
-18
Convert -14 (base 6) to base 16.
-a
-2 (base 7) to base 5
-2
3 (base 8) to base 11
3
-311 (base 4) to base 11
-49
What is -3 (base 7) in base 6?
-3
22 (base 16) to base 5
114
What is -6 (base 13) in base 2?
-110
What is -2101 (base 3) in base 14?
-48
Convert -6 (base 11) to base 13.
-6
Convert -66 (base 12) to base 15.
-53
Convert -1111000 (base 2) to base 11.
-aa
What is -3 (base 9) in base 16?
-3
Convert 7 (base 13) to base 10.
7
What is -5 (base 7) in base 2?
-101
4 (base 13) to base 2
100
Convert 3 (base 5) to base 8.
3
What is -144 (base 11) in base 14?
-c1
What is 7 (base 12) in base 3?
21
-6 (base 10) to base 3
-20
3 (base 16) to base 3
10
What is -4d (base 16) in base 13?
-5c
-3 (base 5) to base 13
-3
What is 101 (base 6) in base 8?
45
What is 4 (base 8) in base 2?
100
What is 2 (base 6) in base 2?
10
Convert -3 (base 14) to base 8.
-3
-61 (base 12) to base 11
-67
Convert -c (base 13) to base 11.
-11
Convert 9 (base 12) to base 4.
21
What is -10001 (base 2) in base 12?
-15
-201 (base 4) to base 13
-27
What is -231 (base 5) in base 6?
-150
What is 3 (base 8) in base 7?
3
What is 13 (base 7) in base 2?
1010
What is 40 (base 8) in base 6?
52
Convert 1010 (base 3) to base 6.
50
-2 (base 6) to base 2
-10
What is -18 (base 12) in base 16?
-14
Convert -3e (base 16) to base 11.
-57
What is -1 (base 12) in base 5?
-1
What is 2 (base 4) in base 10?
2
Convert -1323 (base 5) to base 13.
-135
315 (base 8) to base 9
247
What is -25 (base 13) in base 2?
-11111
1 (base 15) to base 6
1
Convert -8 (base 10) to base 14.
-8
-11 (base 8) to base 4
-21
Convert 11 (base 6) to base 4.
13
Convert -36 (base 7) to base 14.
-1d
What is 30 (base 15) in base 6?
113
What is -140 (base 6) in base 10?
-60
What is 1052 (base 6) in base 13?
161
Convert -15 (base 10) to base 12.
-13
Convert 10 (base 2) to base 6.
2
1 (base 11) to base 13
1
What is 0 (base 3) in base 9?
0
What is 2c (base 13) in base 11?
35
27 (base 9) to base 2
11001
Convert -23 (base 10) to base 15.
-18
What is 0 (base 6) in base 14?
0
What is 22 (base 3) in base 15?
8
-43 (base 10) to base 6
-111
What is 0 (base 14) in base 16?
0
What is -4 (base 6) in base 5?
-4
What is 148 (base 10) in base 9?
174
103 (base 8) to base 4
1003
What is -100000 (base 2) in base 13?
-26
77 (base 9) to base 7
130
-d (base 14) to base 6
-21
Convert -35 (base 11) to base 13.
-2c
Convert -1 (base 11) to base 8.
-1
What is 212 (base 4) in base 10?
38
Convert -6 (base 10) to base 15.
-6
0 (base 13) to base 2
0
Convert 2 (base 9) to base 12.
2
Convert -101 (base 6) to base 13.
-2b
Convert 10 (base 6) to base 10.
6
What is -5 (base 6) in ba